
Convert 432124 (base 6) to base 11.
24721
What is -17386 (base 16) in base 7?
-544201
What is 13530 (base 12) in base 15?
7d86
What is -eaa22 (base 15) in base 10?
-744782
b74578 (base 15) to base 12
2b07712
-210001000221210 (base 3) to base 5
-10330240030
528185 (base 11) to base 12
34929b
What is a6227 (base 13) in base 9?
505333
2101122112012 (base 3) to base 4
10312222220
What is -10120021120102 (base 3) in base 15?
-276792
-11011010111111110101011 (base 2) to base 8
-33277653
What is 2bab2 (base 13) in base 10?
83124
-3a448 (base 12) to base 3
-11001220102
Convert -1000011111000110010 (base 2) to base 11.
-17aa08
Convert 244a3 (base 13) to base 3.
10101112002
eb7c (base 15) to base 16
c2b2
71dba (base 14) to base 8
1027700
What is 541322 (base 6) in base 5?
2410102
-264373 (base 12) to base 4
-2121230013
Convert 10110010111101101 (base 2) to base 15.
1c239
-1001011000011010100 (base 2) to base 3
-120121200122
What is 50477346 (base 8) in base 10?
10649318
What is a4229 (base 11) in base 16?
251c7
-3b2b63 (base 14) to base 12
-8268ab
What is -2323323200 (base 4) in base 5?
-144113020
-342687 (base 9) to base 15
-40ce4
-12100001000 (base 3) to base 11
-71988
Convert a9967a (base 12) to base 2.
1010010001000101111110
What is -100000111100101001 (base 2) in base 8?
-407451
What is -1012110022122 (base 3) in base 11?
-3a6a71
What is b377 (base 13) in base 11?
17680
What is -12222102022 (base 3) in base 6?
-2304442
What is -255254422 (base 6) in base 4?
-103020123032
-4042122 (base 5) to base 15
-14527
23b737 (base 12) to base 9
1073457
What is -6090311 (base 12) in base 4?
-1011003222331
What is 8ddd0 (base 16) in base 15?
b7282
What is -5701b (base 14) in base 4?
-303211301
-2100112210221 (base 3) to base 4
-10301120023
33223233030 (base 4) to base 11
2358983
What is -645abb (base 12) in base 14?
-2d4091
What is -c94600 (base 13) in base 12?
-16b8a27
Convert 167d9 (base 15) to base 8.
215716
Convert -14003130 (base 5) to base 10.
-141040
-5ba855 (base 12) to base 4
-11223331001
What is -32513313 (base 6) in base 14?
-1b4d9b
What is 6328303 (base 9) in base 12?
1172aa9
What is 223b7 (base 14) in base 15?
1992e
1b6413 (base 13) to base 11
438472
Convert 3042143 (base 5) to base 9.
75122
-2411004 (base 7) to base 13
-a8c48
Convert -2c8cd (base 16) to base 5.
-21314402
What is -4402223 (base 5) in base 11?
-51647
515605 (base 9) to base 16
4ab16
Convert -32a70 (base 16) to base 11.
-131971
What is -64316 (base 11) in base 6?
-2001034
What is -35574724 (base 9) in base 6?
-1415515421
-1015470 (base 9) to base 10
-542034
10401433 (base 7) to base 15
129174
Convert -44328 (base 12) to base 3.
-11120220012
Convert -340133143 (base 5) to base 7.
-15443302
What is -466a5 (base 15) in base 6?
-4450115
What is -242365 (base 14) in base 8?
-4555025
What is -104242014 (base 5) in base 14?
-c05b8
Convert 17521 (base 9) to base 14.
4596
Convert 587782 (base 12) to base 16.
15b792
114015442 (base 6) to base 3
11001011111022
-40852 (base 11) to base 15
-129c9
Convert 2134 (base 5) to base 7.
600
-322321100 (base 4) to base 9
-406815
What is -3472745 (base 8) in base 15?
-13abe0
-2256165 (base 10) to base 12
-909799
What is 28b09 (base 12) in base 3?
2220001000
10332321 (base 4) to base 13
939c
What is 22606552 (base 7) in base 8?
7446036
What is -c8644 (base 13) in base 12?
-15516a
What is 526b19 (base 15) in base 13?
a73859
What is 2352 (base 16) in base 13?
4167
-2244422301 (base 5) to base 15
-6a4286
Convert 371394 (base 12) to base 8.
3321740
-23132043 (base 5) to base 6
-4244450
Convert cb07 (base 16) to base 6.
1040343
Convert b803b (base 12) to base 3.
110021220202
-22060606 (base 7) to base 11
-1086348
What is 88a278 (base 12) in base 9?
4073402
Convert 800a28 (base 15) to base 8.
27135550
What is 111222130 (base 4) in base 8?
255234
386013 (base 9) to base 12
b3519
Convert -110111100101001011000 (base 2) to base 4.
-12330221120
What is 2006137 (base 8) in base 13?
156106
What is -1414525 (base 6) in base 16?
-138f5
4345051 (base 6) to base 16
34cb7
What is -72365 (base 13) in base 16?
-3206f
2575719 (base 10) to base 6
131112343
1010120010001 (base 4) to base 15
1890dbd
Convert 583509 (base 10) to base 3.
1002122102110
Convert -16704 (base 12) to base 9.
-48044
Convert -1bbb96 (base 15) to base 8.
-5130327
Convert 7099b (base 12) to base 7.
1150211
-b487ba (base 13) to base 11
-2420641
Convert 1aa32 (base 14) to base 13.
24b70
Convert -10111011100110110001 (base 2) to base 7.
-6350221
What is -240391 (base 13) in base 9?
-1546177
Convert -3454220 (base 8) to base 14.
-1a68b6
What is 3221515 (base 10) in base 16?
31280b
2221020 (base 6) to base 5
12033214
-353254 (base 8) to base 16
-1d6ac
What is -137400 (base 8) in base 3?
-2111001222
What is 19092 (base 16) in base 9?
165600
Convert -15db7 (base 16) to base 14.
-248ab
307a84 (base 16) to base 15
42b562
Convert -5225005 (base 7) to base 14.
-125005
What is 110001000000100111111 (base 2) in base 4?
12020010333
22422346 (base 7) to base 4
13131113101
Convert -55b8 (base 14) to base 11.
-10191
672555 (base 15) to base 11
285a447
Convert 3203404 (base 5) to base 8.
150544
What is 30070 (base 8) in base 11?
9302
6540041 (base 8) to base 14
338c6d
-3120102002 (base 4) to base 15
-127745
What is -1512b5 (base 12) in base 3?
-200000111202
Convert 72c0c (base 13) to base 8.
623031
What is 7776256 (base 8) in base 5?
1014040202
Convert -153a8 (base 13) to base 6.
-510023
4101404001 (base 5) to base 14
1143ca3
-10b3a2 (base 14) to base 7
-4556062
What is 53fa7 (base 16) in base 11?
215485
-92e58 (base 16) to base 7
-5054123
Convert 83f (base 16) to base 8.
4077
-34003555 (base 6) to base 14
-1ca543
-598901 (base 12) to base 3
-2201110102001
Convert 51044542 (base 6) to base 4.
11202220232
Convert -1740561 (base 8) to base 12.
-206181
231012113 (base 4) to base 10
184727
-1017498 (base 10) to base 11
-635509
Convert -334520 (base 11) to base 2.
-10000010001000100011
1220300120 (base 4) to base 5
102212310
-8b8654 (base 13) to base 7
-40035150
What is 1442031321 (base 5) in base 13?
a527b6
Convert -116 (base 16) to base 13.
-185
Convert -3256530 (base 8) to base 6.
-30434532
What is 1a70072 (base 11) in base 3?
20120001000122
Convert 3584b (base 13) to base 15.
1e0dd
-36554204 (base 7) to base 10
-3274037
-102321210 (base 4) to base 16
-12e64
What is 53361a (base 12) in base 4?
11000122312
Convert 611723 (base 8) to base 5.
22423213
Convert 961a3 (base 14) to base 10.
362547
What is 13025024 (base 6) in base 2?
1100111011010101000
What is -4237455 (base 8) in base 11?
-702222
-32047 (base 14) to base 10
-120799
1002233413 (base 5) to base 2
111100110100100010111
1322100301 (base 4) to base 16
7a431
1224ab (base 14) to base 11
394698
Convert 42920b1 (base 12) to base 6.
1130424341
112033210 (base 4) to base 5
10403413
What is 206474 (base 13) in base 11?
477443
Convert -4602003 (base 7) to base 16.
-8badf
520b3 (base 16) to base 12
142583
Convert -2e967 (base 16) to base 13.
-68b19
Convert -1570505 (base 9) to base 12.
-36127b
-a4650 (base 14) to base 9
-663654
-53113 (base 7) to base 9
-18857
-303dac (base 16) to base 3
-12221121210012
What is 28582533 (base 9) in base 5?
12111321332
Convert 1555146 (base 7) to base 14.
5875d
What is -161631430 (base 7) in base 6?
-1030152321
10030322011 (base 4) to base 14
209589
Convert -45e37 (base 15) to base 6.
-4434241
-525206 (base 8) to base 12
-85146
-1211460 (base 7) to base 4
-211222011
Convert -36541712 (base 8) to base 15.
-a8dcc9
What is 1203243554 (base 6) in base 15?
12d92b4
What is 1001000100001110100 (base 2) in base 5?
34001301
Convert 18430540 (base 9) to base 3.
122111000121100
Convert 154b1 (base 15) to base 5.
4143231
Convert 91699 (base 16) to base 7.
5030320
1085799 (base 13) to base 9
10473376
What is -4014141 (base 5) in base 10?
-63671
99ac3 (base 15) to base 4
1313033301
102011202022 (base 3) to base 8
655511
What is -10210210211 (base 3) in base 10?
-74947
What is -35609c (base 14) in base 5?
-431302104
What is -1301302230 (base 4) in base 15?
-9317c
-11888471 (base 9) to base 7
-100454206
What is -3727212 (base 8) in base 11?
-642163
What is 12210411 (base 5) in base 12?
57404
14b498 (base 14) to base 7
6066451
-105522 (base 13) to base 14
-9d